{"id":68,"date":"2024-02-28T23:23:40","date_gmt":"2024-02-28T22:23:40","guid":{"rendered":"https:\/\/rocalsol.com\/?page_id=68"},"modified":"2025-03-09T21:55:09","modified_gmt":"2025-03-09T20:55:09","slug":"roc-al-sol-cote-nuit","status":"publish","type":"page","link":"https:\/\/rocalsol.com\/index.php\/roc-al-sol-cote-nuit\/","title":{"rendered":"Roc al Sol \/ c\u00f4t\u00e9 nuit"},"content":{"rendered":"\n<p>Le sas dessert les pi\u00e8ces d\u2019eau et de nuit. Il est \u00e9quip\u00e9 d\u2019un d\u00e9tecteur de fum\u00e9e.<\/p>\n\n\n\n<p>Toutes les chambres disposent pour chaque lit d\u2019une housse de matelas, d\u2019une couette et d\u2019un ou deux oreillers prot\u00e9g\u00e9s par une housse. Les draps et serviettes sont propos\u00e9s en prestation.<\/p>\n\n\n\n<h3 class=\"wp-block-heading\">Suite familiale<\/h3>\n\n\n\n<p>La chambre familiale \u00ab&nbsp;cerf&nbsp;\u00bb, compos\u00e9e d\u2019un lit en 140 et de deux lits superpos\u00e9s en 90 est dispos\u00e9e \u00e0 l\u2019Est.<\/p>\n\n\n\n<figure class=\"wp-block-image\"><img loading=\"lazy\" decoding=\"async\" width=\"1024\" height=\"768\" src=\"https:\/\/rocalsol.com\/wp-content\/uploads\/2023\/09\/Chambre_cerf-1024x768.jpg\" alt=\"\" class=\"wp-image-17\" srcset=\"https:\/\/rocalsol.com\/wp-content\/uploads\/2023\/09\/Chambre_cerf-1024x768.jpg 1024w, https:\/\/rocalsol.com\/wp-content\/uploads\/2023\/09\/Chambre_cerf-300x225.jpg 300w, https:\/\/rocalsol.com\/wp-content\/uploads\/2023\/09\/Chambre_cerf-768x576.jpg 768w, https:\/\/rocalsol.com\/wp-content\/uploads\/2023\/09\/Chambre_cerf-1536x1152.jpg 1536w, https:\/\/rocalsol.com\/wp-content\/uploads\/2023\/09\/Chambre_cerf-2048x1536.jpg 2048w\" sizes=\"auto, (max-width: 1024px) 100vw, 1024px\" \/><\/figure>\n\n\n\n<p>Elle a acc\u00e8s directement sur la salle de bains qui comprend un meuble vasque, une baignoire et un wc.<\/p>\n\n\n\n<figure class=\"wp-block-image\"><img loading=\"lazy\" decoding=\"async\" width=\"1024\" height=\"768\" src=\"https:\/\/rocalsol.com\/wp-content\/uploads\/2023\/09\/Salle_de_bains-1024x768.jpg\" alt=\"\" class=\"wp-image-18\" srcset=\"https:\/\/rocalsol.com\/wp-content\/uploads\/2023\/09\/Salle_de_bains-1024x768.jpg 1024w, https:\/\/rocalsol.com\/wp-content\/uploads\/2023\/09\/Salle_de_bains-300x225.jpg 300w, https:\/\/rocalsol.com\/wp-content\/uploads\/2023\/09\/Salle_de_bains-768x576.jpg 768w, https:\/\/rocalsol.com\/wp-content\/uploads\/2023\/09\/Salle_de_bains-1536x1152.jpg 1536w, https:\/\/rocalsol.com\/wp-content\/uploads\/2023\/09\/Salle_de_bains-2048x1536.jpg 2048w\" sizes=\"auto, (max-width: 1024px) 100vw, 1024px\" \/><\/figure>\n\n\n\n<h3 class=\"wp-block-heading\">Chambre \u00ab&nbsp;ours&nbsp;\u00bb<\/h3>\n\n\n\n<p>Situ\u00e9 c\u00f4t\u00e9 Ouest, la chambre \u00ab&nbsp;ours&nbsp;\u00bb est compos\u00e9e d\u2019un lit en 140, et de deux lits cigognes en 90. Un coin dressing permet de suspendre ses v\u00eatements.<\/p>\n\n\n\n<figure class=\"wp-block-image\"><img loading=\"lazy\" decoding=\"async\" width=\"1024\" height=\"768\" src=\"https:\/\/rocalsol.com\/wp-content\/uploads\/2023\/09\/Chambre_ours-1-1024x768.jpg\" alt=\"\" class=\"wp-image-141\" srcset=\"https:\/\/rocalsol.com\/wp-content\/uploads\/2023\/09\/Chambre_ours-1-1024x768.jpg 1024w, https:\/\/rocalsol.com\/wp-content\/uploads\/2023\/09\/Chambre_ours-1-300x225.jpg 300w, https:\/\/rocalsol.com\/wp-content\/uploads\/2023\/09\/Chambre_ours-1-768x576.jpg 768w, https:\/\/rocalsol.com\/wp-content\/uploads\/2023\/09\/Chambre_ours-1-1536x1152.jpg 1536w, https:\/\/rocalsol.com\/wp-content\/uploads\/2023\/09\/Chambre_ours-1-2048x1536.jpg 2048w, https:\/\/rocalsol.com\/wp-content\/uploads\/2023\/09\/Chambre_ours-1-1200x900.jpg 1200w, https:\/\/rocalsol.com\/wp-content\/uploads\/2023\/09\/Chambre_ours-1-1980x1485.jpg 1980w\" sizes=\"auto, (max-width: 1024px) 100vw, 1024px\" \/><\/figure>\n\n\n\n<h3 class=\"wp-block-heading\">Salle d\u2019eau<\/h3>\n\n\n\n<p>La salle d\u2019eau accueille un meuble vasque, une douche en 120 et un lave-linge\/s\u00e8che-linge.<\/p>\n\n\n\n<figure class=\"wp-block-image\"><img loading=\"lazy\" decoding=\"async\" width=\"1024\" height=\"768\" src=\"https:\/\/rocalsol.com\/wp-content\/uploads\/2023\/10\/photo_sde-1024x768.jpg\" alt=\"\" class=\"wp-image-58\" srcset=\"https:\/\/rocalsol.com\/wp-content\/uploads\/2023\/10\/photo_sde-1024x768.jpg 1024w, https:\/\/rocalsol.com\/wp-content\/uploads\/2023\/10\/photo_sde-300x225.jpg 300w, https:\/\/rocalsol.com\/wp-content\/uploads\/2023\/10\/photo_sde-768x576.jpg 768w, https:\/\/rocalsol.com\/wp-content\/uploads\/2023\/10\/photo_sde-1536x1152.jpg 1536w, https:\/\/rocalsol.com\/wp-content\/uploads\/2023\/10\/photo_sde-2048x1536.jpg 2048w, https:\/\/rocalsol.com\/wp-content\/uploads\/2023\/10\/photo_sde-1200x900.jpg 1200w, https:\/\/rocalsol.com\/wp-content\/uploads\/2023\/10\/photo_sde-1980x1485.jpg 1980w\" sizes=\"auto, (max-width: 1024px) 100vw, 1024px\" \/><\/figure>\n\n\n\n<h3 class=\"wp-block-heading\">Cabinet de toilettes<\/h3>\n\n\n\n<p>Il est en face de la salle d\u2019eau et est compos\u00e9 d\u2019un wc et d\u2019un lave-mains.<\/p>\n\n\n\n<figure class=\"wp-block-image\"><img loading=\"lazy\" decoding=\"async\" width=\"768\" height=\"1024\" src=\"https:\/\/rocalsol.com\/wp-content\/uploads\/2025\/03\/photo_lavemains-768x1024.jpg\" alt=\"\" class=\"wp-image-152\" srcset=\"https:\/\/rocalsol.com\/wp-content\/uploads\/2025\/03\/photo_lavemains-768x1024.jpg 768w, https:\/\/rocalsol.com\/wp-content\/uploads\/2025\/03\/photo_lavemains-225x300.jpg 225w, https:\/\/rocalsol.com\/wp-content\/uploads\/2025\/03\/photo_lavemains-1152x1536.jpg 1152w, https:\/\/rocalsol.com\/wp-content\/uploads\/2025\/03\/photo_lavemains-1536x2048.jpg 1536w, https:\/\/rocalsol.com\/wp-content\/uploads\/2025\/03\/photo_lavemains-1200x1600.jpg 1200w, https:\/\/rocalsol.com\/wp-content\/uploads\/2025\/03\/photo_lavemains-1980x2640.jpg 1980w, https:\/\/rocalsol.com\/wp-content\/uploads\/2025\/03\/photo_lavemains-scaled.jpg 1920w\" sizes=\"auto, (max-width: 768px) 100vw, 768px\" \/><\/figure>\n\n\n\n<p><\/p>\n","protected":false},"excerpt":{"rendered":"<p>Le sas dessert les pi\u00e8ces d\u2019eau et de nuit. Il est \u00e9quip\u00e9 d\u2019un d\u00e9tecteur de fum\u00e9e. Toutes les chambres disposent pour chaque lit d\u2019une housse de matelas, d\u2019une couette et d\u2019un ou deux oreillers prot\u00e9g\u00e9s par une housse. Les draps et serviettes sont propos\u00e9s en prestation. Suite familiale La chambre familiale \u00ab&nbsp;cerf&nbsp;\u00bb, compos\u00e9e d\u2019un lit [&hellip;]<\/p>\n","protected":false},"author":1,"featured_media":0,"parent":0,"menu_order":0,"comment_status":"closed","ping_status":"closed","template":"","meta":{"footnotes":""},"class_list":["post-68","page","type-page","status-publish","hentry"],"_links":{"self":[{"href":"https:\/\/rocalsol.com\/index.php\/wp-json\/wp\/v2\/pages\/68","targetHints":{"allow":["GET"]}}],"collection":[{"href":"https:\/\/rocalsol.com\/index.php\/wp-json\/wp\/v2\/pages"}],"about":[{"href":"https:\/\/rocalsol.com\/index.php\/wp-json\/wp\/v2\/types\/page"}],"author":[{"embeddable":true,"href":"https:\/\/rocalsol.com\/index.php\/wp-json\/wp\/v2\/users\/1"}],"replies":[{"embeddable":true,"href":"https:\/\/rocalsol.com\/index.php\/wp-json\/wp\/v2\/comments?post=68"}],"version-history":[{"count":3,"href":"https:\/\/rocalsol.com\/index.php\/wp-json\/wp\/v2\/pages\/68\/revisions"}],"predecessor-version":[{"id":163,"href":"https:\/\/rocalsol.com\/index.php\/wp-json\/wp\/v2\/pages\/68\/revisions\/163"}],"wp:attachment":[{"href":"https:\/\/rocalsol.com\/index.php\/wp-json\/wp\/v2\/media?parent=68"}],"curies":[{"name":"wp","href":"https:\/\/api.w.org\/{rel}","templated":true}]}}