{"id":67,"date":"2024-02-28T23:23:39","date_gmt":"2024-02-28T22:23:39","guid":{"rendered":"https:\/\/rocalsol.com\/?page_id=67"},"modified":"2025-03-09T21:52:51","modified_gmt":"2025-03-09T20:52:51","slug":"roc-al-sol-cote-jour","status":"publish","type":"page","link":"https:\/\/rocalsol.com\/index.php\/roc-al-sol-cote-jour\/","title":{"rendered":"Roc al Sol \/ c\u00f4t\u00e9 jour"},"content":{"rendered":"\n<h3 class=\"wp-block-heading\">Salon<\/h3>\n\n\n\n<p>Le coin salon s\u2019ouvre par une baie vitr\u00e9e \u00e0 galandage vers la terrasse privative.<\/p>\n\n\n\n<p>Il est compos\u00e9 de deux beaux canap\u00e9s, de deux poufs, d\u2019une tablette, d\u2019une lampe sur pied, d\u2019une table de salon et d\u2019un meuble t\u00e9l\u00e9 avec t\u00e9l\u00e9viseur, d\u00e9codeur t\u00e9l\u00e9, et des \u00e9tag\u00e8res garnies de prospectus sur les animations et loisirs de la r\u00e9gion, et de diff\u00e9rents jeux de soci\u00e9t\u00e9 pour petits et grands.<\/p>\n\n\n\n<figure class=\"wp-block-image size-full\"><img loading=\"lazy\" decoding=\"async\" width=\"1024\" height=\"768\" src=\"https:\/\/rocalsol.com\/wp-content\/uploads\/2025\/03\/image.png\" alt=\"\" class=\"wp-image-160\" srcset=\"https:\/\/rocalsol.com\/wp-content\/uploads\/2025\/03\/image.png 1024w, https:\/\/rocalsol.com\/wp-content\/uploads\/2025\/03\/image-300x225.png 300w, https:\/\/rocalsol.com\/wp-content\/uploads\/2025\/03\/image-768x576.png 768w\" sizes=\"auto, (max-width: 1024px) 100vw, 1024px\" \/><\/figure>\n\n\n\n<h3 class=\"wp-block-heading\">Salle \u00e0 manger<\/h3>\n\n\n\n<p>La grande salle \u00e0 manger tr\u00e8s lumineuse puisque donnant sur deux grandes baies vitr\u00e9es permet des repas avec une magnifique vue sur le jardin, les montagnes et les for\u00eats.<\/p>\n\n\n\n<figure class=\"wp-block-image\"><img loading=\"lazy\" decoding=\"async\" width=\"1024\" height=\"768\" src=\"https:\/\/rocalsol.com\/wp-content\/uploads\/2023\/09\/Sejour-1024x768.jpg\" alt=\"\" class=\"wp-image-13\" srcset=\"https:\/\/rocalsol.com\/wp-content\/uploads\/2023\/09\/Sejour-1024x768.jpg 1024w, https:\/\/rocalsol.com\/wp-content\/uploads\/2023\/09\/Sejour-300x225.jpg 300w, https:\/\/rocalsol.com\/wp-content\/uploads\/2023\/09\/Sejour-768x576.jpg 768w, https:\/\/rocalsol.com\/wp-content\/uploads\/2023\/09\/Sejour-1536x1152.jpg 1536w, https:\/\/rocalsol.com\/wp-content\/uploads\/2023\/09\/Sejour.jpg 1900w\" sizes=\"auto, (max-width: 1024px) 100vw, 1024px\" \/><\/figure>\n\n\n\n<figure class=\"wp-block-image\"><img loading=\"lazy\" decoding=\"async\" width=\"768\" height=\"1024\" src=\"https:\/\/rocalsol.com\/wp-content\/uploads\/2023\/09\/Salle_manger-768x1024.jpg\" alt=\"\" class=\"wp-image-15\" srcset=\"https:\/\/rocalsol.com\/wp-content\/uploads\/2023\/09\/Salle_manger-768x1024.jpg 768w, https:\/\/rocalsol.com\/wp-content\/uploads\/2023\/09\/Salle_manger-225x300.jpg 225w, https:\/\/rocalsol.com\/wp-content\/uploads\/2023\/09\/Salle_manger-1152x1536.jpg 1152w, https:\/\/rocalsol.com\/wp-content\/uploads\/2023\/09\/Salle_manger-1536x2048.jpg 1536w, https:\/\/rocalsol.com\/wp-content\/uploads\/2023\/09\/Salle_manger-scaled.jpg 1920w\" sizes=\"auto, (max-width: 768px) 100vw, 768px\" \/><\/figure>\n\n\n\n<h3 class=\"wp-block-heading\">Cuisine<\/h3>\n\n\n\n<p>La cuisine enti\u00e8rement am\u00e9nag\u00e9e et compl\u00e8tement \u00e9quip\u00e9e est ouverte c\u00f4t\u00e9 salon et c\u00f4t\u00e9 s\u00e9jour pour davantage de convivialit\u00e9.<\/p>\n\n\n\n<p>Elle comprend un lave-vaisselle, un four micro-ondes, un four pyrolyse, des plaques induction, une hotte, un r\u00e9frig\u00e9rateur-cong\u00e9lateur.<\/p>\n\n\n\n<p>Pour de vraies vacances montagnardes un service \u00e0 raclettes et \u00e0 cr\u00eapes compl\u00e8te ce descriptif.<\/p>\n\n\n\n<p>Un comptoir petit-d\u00e9jeuner accueille une cafeti\u00e8re, une bouilloire et un grille-pains devant deux chaises hautes.<\/p>\n\n\n\n<p>Toute la vaisselle et les ustensiles n\u00e9cessaires sont en place pour de bons repas festifs.<\/p>\n\n\n\n<figure class=\"wp-block-image\"><img loading=\"lazy\" decoding=\"async\" width=\"1024\" height=\"768\" src=\"https:\/\/rocalsol.com\/wp-content\/uploads\/2023\/09\/photo_cuisine-1024x768.jpg\" alt=\"\" class=\"wp-image-54\" srcset=\"https:\/\/rocalsol.com\/wp-content\/uploads\/2023\/09\/photo_cuisine-1024x768.jpg 1024w, https:\/\/rocalsol.com\/wp-content\/uploads\/2023\/09\/photo_cuisine-300x225.jpg 300w, https:\/\/rocalsol.com\/wp-content\/uploads\/2023\/09\/photo_cuisine-768x576.jpg 768w, https:\/\/rocalsol.com\/wp-content\/uploads\/2023\/09\/photo_cuisine-1536x1152.jpg 1536w, https:\/\/rocalsol.com\/wp-content\/uploads\/2023\/09\/photo_cuisine-2048x1536.jpg 2048w, https:\/\/rocalsol.com\/wp-content\/uploads\/2023\/09\/photo_cuisine-1200x900.jpg 1200w, https:\/\/rocalsol.com\/wp-content\/uploads\/2023\/09\/photo_cuisine-1980x1485.jpg 1980w\" sizes=\"auto, (max-width: 1024px) 100vw, 1024px\" \/><\/figure>\n\n\n\n<h3 class=\"wp-block-heading\">Chambre<\/h3>\n\n\n\n<p>La premi\u00e8re chambre compos\u00e9e d\u2019un lit en 140, d\u2019une table de nuit et d\u2019une commode donne c\u00f4t\u00e9 jardin Est-Sud. Elle dispose du n\u00e9cessaire pour regarder des DVD disponibles dans la table de nuit.<\/p>\n\n\n\n<figure class=\"wp-block-image\"><img loading=\"lazy\" decoding=\"async\" width=\"768\" height=\"1024\" src=\"https:\/\/rocalsol.com\/wp-content\/uploads\/2025\/03\/photo_chambre1-768x1024.jpg\" alt=\"\" class=\"wp-image-151\" srcset=\"https:\/\/rocalsol.com\/wp-content\/uploads\/2025\/03\/photo_chambre1-768x1024.jpg 768w, https:\/\/rocalsol.com\/wp-content\/uploads\/2025\/03\/photo_chambre1-225x300.jpg 225w, https:\/\/rocalsol.com\/wp-content\/uploads\/2025\/03\/photo_chambre1-1152x1536.jpg 1152w, https:\/\/rocalsol.com\/wp-content\/uploads\/2025\/03\/photo_chambre1-1536x2048.jpg 1536w, https:\/\/rocalsol.com\/wp-content\/uploads\/2025\/03\/photo_chambre1-1200x1600.jpg 1200w, https:\/\/rocalsol.com\/wp-content\/uploads\/2025\/03\/photo_chambre1-1980x2640.jpg 1980w, https:\/\/rocalsol.com\/wp-content\/uploads\/2025\/03\/photo_chambre1-scaled.jpg 1920w\" sizes=\"auto, (max-width: 768px) 100vw, 768px\" \/><\/figure>\n","protected":false},"excerpt":{"rendered":"<p>Salon Le coin salon s\u2019ouvre par une baie vitr\u00e9e \u00e0 galandage vers la terrasse privative. Il est compos\u00e9 de deux beaux canap\u00e9s, de deux poufs, d\u2019une tablette, d\u2019une lampe sur pied, d\u2019une table de salon et d\u2019un meuble t\u00e9l\u00e9 avec t\u00e9l\u00e9viseur, d\u00e9codeur t\u00e9l\u00e9, et des \u00e9tag\u00e8res garnies de prospectus sur les animations et loisirs de [&hellip;]<\/p>\n","protected":false},"author":1,"featured_media":0,"parent":0,"menu_order":0,"comment_status":"closed","ping_status":"closed","template":"","meta":{"footnotes":""},"class_list":["post-67","page","type-page","status-publish","hentry"],"_links":{"self":[{"href":"https:\/\/rocalsol.com\/index.php\/wp-json\/wp\/v2\/pages\/67","targetHints":{"allow":["GET"]}}],"collection":[{"href":"https:\/\/rocalsol.com\/index.php\/wp-json\/wp\/v2\/pages"}],"about":[{"href":"https:\/\/rocalsol.com\/index.php\/wp-json\/wp\/v2\/types\/page"}],"author":[{"embeddable":true,"href":"https:\/\/rocalsol.com\/index.php\/wp-json\/wp\/v2\/users\/1"}],"replies":[{"embeddable":true,"href":"https:\/\/rocalsol.com\/index.php\/wp-json\/wp\/v2\/comments?post=67"}],"version-history":[{"count":3,"href":"https:\/\/rocalsol.com\/index.php\/wp-json\/wp\/v2\/pages\/67\/revisions"}],"predecessor-version":[{"id":161,"href":"https:\/\/rocalsol.com\/index.php\/wp-json\/wp\/v2\/pages\/67\/revisions\/161"}],"wp:attachment":[{"href":"https:\/\/rocalsol.com\/index.php\/wp-json\/wp\/v2\/media?parent=67"}],"curies":[{"name":"wp","href":"https:\/\/api.w.org\/{rel}","templated":true}]}}